 2387229?
True
Is 13 a factor of 42859821?
False
Is 5876 a factor of 160896632?
True
Does 42 divide 3952620?
True
Is 17 a factor of 261781994?
False
Does 401 divide 682309103?
False
Is 17087513 a multiple of 277?
False
Does 4475 divide 1573870925?
True
Does 41 divide 61559678?
False
Is 82 a factor of 29194952?
True
Is 439 a factor of 34250780?
True
Is 2820 a factor of 251566560?
True
Is 12 a factor of 26750973?
False
Does 13 divide 8509174?
False
Is 692380210 a multiple of 675?
False
Does 3829 divide 298826647?
True
Is 1310 a factor of 223340590?
True
Is 66 a factor of 272062296?
True
Does 32 divide 3724808672?
True
Does 21 divide 120435051?
False
Does 355 divide 190922550?
True
Is 35008272 a multiple of 624?
True
Does 91 divide 916512506?
True
Is 109 a factor of 49725388?
False
Is 3 a factor of 30400770?
True
Is 106 a factor of 246314214?
True
Is 13 a factor of 1746980196?
True
Does 317 divide 546519875?
False
Does 106 divide 10738336?
False
Does 3980 divide 381228280?
True
Is 33256868 even?
True
Does 4 divide 8788252?
True
Is 89 a factor of 1828380578?
True
Does 5 divide 1335733882?
False
Is 62 a factor of 640069741?
False
Does 106 divide 139311447?
False
Does 494 divide 32195346?
False
Does 198 divide 505576764?
True
Does 1132 divide 7745741?
False
Is 129322197 a multiple of 574?
False
Is 104575593 a multiple of 1217?
True
Does 121 divide 16162404?
False
Is 409023226 a multiple of 2136?
False
Does 11 divide 99831149?
True
Does 1648 divide 2801853588?
False
Does 10 divide 360438360?
True
Is 20639184 a multiple of 8?
True
Does 57 divide 412521198?
True
Does 70 divide 50697640?
True
Is 1770 a factor of 29130550?
False
Does 35 divide 294756070?
True
Does 677 divide 2053420200?
False
Is 74828928 a multiple of 12?
True
Does 1094 divide 43861742?
True
Is 6806464 a multiple of 7?
True
Does 15 divide 18925065?
True
Is 119 a factor of 1683493?
True
Is 765 a factor of 255478686?
False
Is 103 a factor of 101019928?
True
Does 218 divide 320894756?
False
Is 125785354 a multiple of 58?
True
Is 231979143 a multiple of 243?
False
Is 21888306 a multiple of 11?
True
Is 38 a factor of 464080627?
False
Is 47 a factor of 15166900?
True
Is 57 a factor of 67149591?
True
Does 149 divide 152046454?
True
Is 54064934 a multiple of 126?
False
Is 27020030 a multiple of 3?
False
Is 307712563 a multiple of 219?
False
Is 27 a factor of 259084845?
True
Is 16 a factor of 915191057?
False
Does 9043 divide 2537588215?
False
Is 968079008 a multiple of 12?
False
Is 1881 a factor of 14124481?
False
Is 3296370842 a multiple of 151?
False
Is 266 a factor of 13671753?
False
Does 654 divide 99376385?
False
Is 12777075 a multiple of 45?
True
Is 303 a factor of 39463069?
False
Does 7 divide 30328089?
False
Is 62791309 a multiple of 43?
True
Is 8 a factor of 477442536?
True
Does 55 divide 172930120?
True
Is 107172312 a multiple of 26?
True
Does 30 divide 67351470?
True
Is 274695645 a multiple of 335?
True
Is 24583458 a multiple of 35?
False
Is 1174 a factor of 23651992?
False
Does 548 divide 49128375?
False
Does 16 divide 1731926208?
True
Is 136 a factor of 14560840?
True
Does 2142 divide 27205542?
True
Does 5 divide 143305345?
True
Does 33 divide 14613902?
False
Does 67 divide 52952943?
False
Is 341791332 a multiple of 29?
True
Is 23 a factor of 1965562105?
False
Does 241 divide 4229929575?
True
Is 25063907 even?
False
Is 1232074459 a multiple of 1331?
False
Is 27520075 a multiple of 575?
True
Is 975569284 a multiple of 443?
True
Does 20 divide 32775978?
False
Does 293 divide 643139395?
True
Does 106 divide 207435746?
True
Does 126 divide 459073540?
False
Is 56054216 a multiple of 58?
True
Is 564719970 a multiple of 192?
False
Is 80166275 a multiple of 25?
True
Is 437530800 a multiple of 294?
True
Is 57 a factor of 54577767?
False
Is 12 a factor of 69591868?
False
Is 126478281 a multiple of 643?
False
Is 5 a factor of 44315041?
False
Is 84746747 a multiple of 118?
False
Does 3 divide 46315548?
True
Is 262053896 a multiple of 337?
True
Does 245 divide 167867798?
False
Does 1208 divide 9596426?
False
Is 278 a factor of 830664?
True
Is 1776285 a multiple of 63?
True
Is 21 a factor of 65391984?
True
Is 185882689 a multiple of 10?
False
Is 388555509 a multiple of 719?
True
Does 4027 divide 163962940?
False
Is 80411488 a multiple of 200?
False
Is 32033277 a multiple of 37?
False
Does 8167 divide 1031445124?
False
Does 209 divide 62830834?
True
Is 774593756 a multiple of 121?
False
Does 31 divide 45351187?
False
Is 22872303 a multiple of 1763?
False
Does 14 divide 64132430?
False
Is 1656 a factor of 39051792?
True
Is 8 a factor of 16249225?
False
Is 1908 a factor of 106404718?
False
Is 12 a factor of 493033680?
True
Does 1719 divide 1095193809?
True
Does 286 divide 21284120?
True
Is 12102410 a multiple of 125?
False
Is 40 a factor of 58274040?
True
Is 15925608 a multiple of 9?
True
Is 2608 a factor of 398426768?
True
Does 177 divide 190759125?
False
Is 26096221 a multiple of 3?
False
Does 1950 divide 25110093?
False
Is 3267 a factor of 32415803?
False
Is 112467281 a multiple of 186?
False
Is 2 a factor of 50902738?
True
Is 154 a factor of 684216456?
True
Is 683076558 a multiple of 14?
False
Does 219 divide 88087754?
False
Is 5619492 a multiple of 2246?
True
Does 3 divide 44391827?
False
Does 1317 divide 2561114586?
True
Does 169 divide 14348094?
False
Is 6 a factor of 210021758?
False
Is 261884350 a multiple of 197?
False
Is 333246060 a multiple of 6?
True
Is 12 a factor of 9722724?
True
Is 307 a factor of 32235?
True
Is 49874855 a multiple of 901?
True
Does 244 divide 522706560?
True
Does 656 divide 887367027?
False
Is 160 a factor of 4473992?
False
Is 4711266 a multiple of 18?
True
Does 1918 divide 784642292?
True
Is 240519886 a multiple of 62?
True
Does 161 divide 11694396?
True
Is 900 a factor of 68954400?
True
Is 24 a factor of 63864452?
False
Is 425694822 a multiple of 24?
False
Is 3038059007 a multiple of 122?
False
Is 92 a factor of 40891884?
True
Does 4160 divide 48692800?
True
Is 42813532 a multiple of 296?
False
Is 74 a factor of 642343277?
False
Is 10 a factor of 1193190180?
True
Is 614632360 a multiple of 74?
False
Is 811 a factor of 157116652?
True
Does 244 divide 1357294164?
True
Is 79 a factor of 896113182?
False
Is 5938356 a multiple of 181?
False
Does 109 divide 51249620?
True
Is 122 a factor of 65929709?
False
Is 115079096 a multiple of 4?
True
Is 956643378 a multiple of 178?
True
Does 20 divide 4317320?
True
Does 1160 divide 23752160?
True
Does 607 divide 11228893?
True
Is 967066231 a multiple of 5?
False
Does 111 divide 144902286?
True
Is 11384344 a multiple of 38?
True
Is 559 a factor of 20341815?
False
Does 114 divide 29308877?
False
Is 296 a factor of 8235312?
True
Does 66 divide 123759174?
True
Is 1524457296 a multiple of 2543?
True
Is 698 a factor of 461729792?
True
Does 6 divide 187645141?
False
Is 3 a factor of 274685761?
False
Does 261 divide 894715445?
False
Does 1147 divide 173857329?
False
Does 18 divide 1600578540?
True
Does 3 divide 38391156?
True
Does 77 divide 87694585?
False
Is 227342717 a multiple of 763?
True
Does 830 divide 5479660?
True
Is 100 a factor of 9587700?
True
Is 9 a factor of 2803566?
False
Is 20 a factor of 29278780?
True
Does 26 divide 3153132?
False
Is 1786 a factor of 289253766?
False
Does 1186 divide 32778668?
True
Does 81 divide 1641409839?
True
Does 486 divide 321557526?
True
Is 6296 a factor of 284817211?
False
Is 6 a factor of 186719356?
False
Does 1054 divide 9874211?
False
Is 61 a factor of 1181460606?
False
Is 5 a factor of 57654527?
False
Is 186903320 a multiple of 4169?
False
Is 309237324 a multiple of 12?
True
Is 1219880282 a multiple of 2053?
True
Is 9412 a factor of 1684230340?
True
Is 17034369 a multiple of 655?
False
Does 15 divide 3299043563?
False
Is 15881141 a multiple of 36?
False
Is 473949879 a multiple of 13?
True
Does 674 divide 67461767?
False
Is 11 a factor of 19256386?
False
Is 396512177 a multiple of 89?
True
Is 22023024 a multiple of 3349?
True
Is 130262694 a multiple of 6?
True
Is 4673 a factor of 480128483?
False
Does 47 divide 487629089?
True
Is 49938261 a multiple of 29?
True
Is 906516 a multiple of 1014?
True
Is 424 a factor of 164738840?
True
Is 366 a factor of 1120465080?
True
Is 14 a factor of 35735